{"id":1892,"date":"2017-09-01T22:31:36","date_gmt":"2017-09-01T20:31:36","guid":{"rendered":"http:\/\/www.asien-nord-sued.de\/?page_id=1892"},"modified":"2017-09-27T20:42:10","modified_gmt":"2017-09-27T18:42:10","slug":"asien-nord-sued-original","status":"publish","type":"page","link":"http:\/\/www.asien-nord-sued.de\/?page_id=1892","title":{"rendered":"ASIEN-NORD-S\u00dcD (original)"},"content":{"rendered":"<p>Um diesen Internettauftritt auch nach &#8222;Asien-Nord-S\u00fcd&#8220; weiter nutzen zu k\u00f6nnen, findet ihr hier alle Seiten und Beitr\u00e4ge noch einmal zusammengefasst.<\/p>\n<p><a href=\"http:\/\/www.asien-nord-sued.de\/?page_id=121\">Die geplante Route<\/a><\/p>\n<p><a href=\"http:\/\/www.asien-nord-sued.de\/?page_id=124\">Die Route<\/a><\/p>\n<p>&nbsp;<\/p>\n<p>Baikalsee:<\/p>\n<p><a href=\"http:\/\/www.asien-nord-sued.de\/?p=195\">01.08.2016 &#8211; 03.08.2016 Irkutsk<\/a><\/p>\n<p><a href=\"http:\/\/www.asien-nord-sued.de\/?p=213\">04.08.2016 \u2013 08.08.2016 zum Baikalsee<\/a><\/p>\n<p><a href=\"http:\/\/www.asien-nord-sued.de\/?p=240\">09.08.2016 \u2013 11.08.2016 von Irkutsk nach Sljudjanka<\/a><\/p>\n<p><a href=\"http:\/\/www.asien-nord-sued.de\/?p=268\">12.08.2016 \u2013 14.08.2016 von Sljudjanka nach Ulan Ude<\/a><\/p>\n<p><a href=\"http:\/\/www.asien-nord-sued.de\/?p=308\">15.08.2016 \u2013 16.08.2016 Ulan Ude<\/a><\/p>\n<p><a href=\"http:\/\/www.asien-nord-sued.de\/?p=320\">17.08.2016 \u2013 19.08.2016 von Ulan Ude zur Grenze<\/a><\/p>\n<p>&nbsp;<\/p>\n<p>Mongolei:<\/p>\n<p><a href=\"http:\/\/www.asien-nord-sued.de\/?p=345\">20.08.2016 \u2013 21.08.2016 von S\u00fcchbaatar nach Darchan<\/a><\/p>\n<p><a href=\"http:\/\/www.asien-nord-sued.de\/?p=353\">22.08.2016 \u2013 23.08.2016 von Darchan nach Ulaanbaatar<\/a><\/p>\n<p><a href=\"http:\/\/www.asien-nord-sued.de\/?p=380\">24.08.2016 \u2013 03.09.2016 Ulaanbaatar und Gobi<\/a><\/p>\n<p><a href=\"http:\/\/www.asien-nord-sued.de\/?p=455\">04.09.2016 \u2013 09.09.2016 von Ulaanbaatar nach Sainschand<\/a><\/p>\n<p><a href=\"http:\/\/www.asien-nord-sued.de\/?p=496\">10.09.2016 \u2013 11.09.2016 von Sainschand nach Zamiin Uud<\/a><\/p>\n<p>&nbsp;<\/p>\n<p>China:<\/p>\n<p><a href=\"http:\/\/www.asien-nord-sued.de\/?p=510\">12.09.2016 \u2013 17.09.2016 von Zamiin Uud bis Datong<\/a><\/p>\n<p><a href=\"http:\/\/www.asien-nord-sued.de\/?p=555\">18.09.2016 von Datong zu den Yungang Grotten<\/a><\/p>\n<p><a href=\"http:\/\/www.asien-nord-sued.de\/?p=571\">19.09.2016 \u2013 20.09.2016 von Datong nach Hunyuan<\/a><\/p>\n<p><a href=\"http:\/\/www.asien-nord-sued.de\/?p=590\">21.09.2016 \u2013 26.09.2016 von Hunyuan nach Changping<\/a><\/p>\n<p><a href=\"http:\/\/www.asien-nord-sued.de\/?p=637\">27.09.2016 \u2013 28.09.2016 von Changping nach Peking<\/a><\/p>\n<p><a href=\"http:\/\/www.asien-nord-sued.de\/?p=666\">29.09.2016 \u2013 02.10.2016 Peking<\/a><\/p>\n<p><a href=\"http:\/\/www.asien-nord-sued.de\/?p=699\">03.10.2016 \u2013 07.10.2016 von Peking nach Xian<\/a><\/p>\n<p><a href=\"http:\/\/www.asien-nord-sued.de\/?p=735\">08.10.2016 \u2013 11.10.2016 von Xian nach Chengdu<\/a><\/p>\n<p><a href=\"http:\/\/www.asien-nord-sued.de\/?p=789\">12.10.2016 \u2013 15.10.2016 von Chengdu nach Chongqing<\/a><\/p>\n<p><a href=\"http:\/\/www.asien-nord-sued.de\/?p=820\">16.10.2016 \u2013 20.10.2016 von Chongqing nach Qianjiang<\/a><\/p>\n<p><a href=\"http:\/\/www.asien-nord-sued.de\/?p=871\">21.10.2016 \u2013 26.10.2016 von Qianjiang nach Guilin<\/a><\/p>\n<p><a href=\"http:\/\/www.asien-nord-sued.de\/?p=932\">27.10.2016 \u2013 04.11.2016 von Guilin nach Nanning<\/a><\/p>\n<p><a href=\"http:\/\/www.asien-nord-sued.de\/?p=1024\">05.11.2016 bis 13.11.2016 Nanning und Shenzhen<\/a><\/p>\n<p><a href=\"http:\/\/www.asien-nord-sued.de\/?p=1078\">14.11.2016 \u2013 15.11.2016 von Nanning nach Dongxing<\/a><\/p>\n<p>&nbsp;<\/p>\n<p>Vietnam:<\/p>\n<p><a href=\"http:\/\/www.asien-nord-sued.de\/?p=1093\">16.11.2016 \u2013 20.11.2016 von Dongxing nach Cat Ba<\/a><\/p>\n<p><a href=\"http:\/\/www.asien-nord-sued.de\/?p=1145\">21.11.2016 \u2013 23.11.2016 Cat Ba<\/a><\/p>\n<p><a href=\"http:\/\/www.asien-nord-sued.de\/?p=1178\">24.11.2016 \u2013 27.11.2016 von Cat Ba nach Hanoi<\/a><\/p>\n<p><a href=\"http:\/\/www.asien-nord-sued.de\/?p=1225\">28.11.2016 \u2013 04.12.2016 von Hanoi nach Dong Hoi<\/a><\/p>\n<p><a href=\"http:\/\/www.asien-nord-sued.de\/?p=1282\">05.12.2016 \u2013 08.12.2016 von Dong Hoi nach Hue<\/a><\/p>\n<p><a href=\"http:\/\/www.asien-nord-sued.de\/?p=1336\">09.12.2016 \u2013 12.12.2016 von Hue nach Ngoc Hoi<\/a><\/p>\n<p>&nbsp;<\/p>\n<p>Laos:<\/p>\n<p><a href=\"http:\/\/www.asien-nord-sued.de\/?p=1378\">13.12.2016 \u2013 18.12.2016 von Ngoc Hoi zum Bolaven Plateau<\/a><\/p>\n<p><a href=\"http:\/\/www.asien-nord-sued.de\/?p=1425\">19.12.2016 \u2013 22.12.2016 vom Bolaven Plateau nach Don Det<\/a><\/p>\n<p><a href=\"http:\/\/www.asien-nord-sued.de\/?p=1481\">23.12.2016 \u2013 27.12.2016 von Don Det nach Pakse<\/a><\/p>\n<p><a href=\"http:\/\/www.asien-nord-sued.de\/?p=1511\">28.12.2016 \u2013 01.01.2017 von Pakse nach Thakhek<\/a><\/p>\n<p><a href=\"http:\/\/www.asien-nord-sued.de\/?p=1548\">02.01.2017 \u2013 09.01.2017 von Thakhek nach Vientiane<\/a><\/p>\n<p><a href=\"http:\/\/www.asien-nord-sued.de\/?p=1593\">10.01.2017 \u2013 13.01.2017 von Vientiane nach Vang Vieng<\/a><\/p>\n<p><a href=\"http:\/\/www.asien-nord-sued.de\/?p=1629\">14.01.2017 \u2013 19.01.2017 von Vang Vieng nach Phonsavanh<\/a><\/p>\n<p><a href=\"http:\/\/www.asien-nord-sued.de\/?p=1684\">20.01.2017 \u2013 23.01.2017 von Phonsavanh nach Muang Hiem<\/a><\/p>\n<p><a href=\"http:\/\/www.asien-nord-sued.de\/?p=1712\">24.01.2017 \u2013 29.01.2017 von Muang Hiem nach Muang Khoua<\/a><\/p>\n<p><a href=\"http:\/\/www.asien-nord-sued.de\/?p=1756\">30.01.2017 \u2013 03.02.1017 von Muang Khua nach Luang Prabang<\/a><\/p>\n<p><a href=\"http:\/\/www.asien-nord-sued.de\/?p=1806\">04.02.2017 \u2013 07.02.2017 Luang Prabang<\/a><\/p>\n<p><a href=\"http:\/\/www.asien-nord-sued.de\/?p=1846\">Wieder Daheim \u2026<\/a><\/p>\n","protected":false},"excerpt":{"rendered":"<p>Um diesen Internettauftritt auch nach &#8222;Asien-Nord-S\u00fcd&#8220; weiter nutzen zu k\u00f6nnen, findet ihr hier alle Seiten und Beitr\u00e4ge noch einmal zusammengefasst. Die geplante Route Die Route &nbsp; Baikalsee: 01.08.2016 &#8211; 03.08.2016 Irkutsk 04.08.2016 \u2013 08.08.2016 zum Baikalsee 09.08.2016 \u2013 11.08.2016 von Irkutsk nach Sljudjanka 12.08.2016 \u2013 14.08.2016 von Sljudjanka nach Ulan Ude 15.08.2016 \u2013 16.08.2016 Ulan [&hellip;]<\/p>\n","protected":false},"author":1,"featured_media":0,"parent":0,"menu_order":2,"comment_status":"closed","ping_status":"closed","template":"","meta":{"footnotes":""},"class_list":["post-1892","page","type-page","status-publish","hentry"],"aioseo_notices":[],"_links":{"self":[{"href":"http:\/\/www.asien-nord-sued.de\/index.php?rest_route=\/wp\/v2\/pages\/1892","targetHints":{"allow":["GET"]}}],"collection":[{"href":"http:\/\/www.asien-nord-sued.de\/index.php?rest_route=\/wp\/v2\/pages"}],"about":[{"href":"http:\/\/www.asien-nord-sued.de\/index.php?rest_route=\/wp\/v2\/types\/page"}],"author":[{"embeddable":true,"href":"http:\/\/www.asien-nord-sued.de\/index.php?rest_route=\/wp\/v2\/users\/1"}],"replies":[{"embeddable":true,"href":"http:\/\/www.asien-nord-sued.de\/index.php?rest_route=%2Fwp%2Fv2%2Fcomments&post=1892"}],"version-history":[{"count":4,"href":"http:\/\/www.asien-nord-sued.de\/index.php?rest_route=\/wp\/v2\/pages\/1892\/revisions"}],"predecessor-version":[{"id":1923,"href":"http:\/\/www.asien-nord-sued.de\/index.php?rest_route=\/wp\/v2\/pages\/1892\/revisions\/1923"}],"wp:attachment":[{"href":"http:\/\/www.asien-nord-sued.de\/index.php?rest_route=%2Fwp%2Fv2%2Fmedia&parent=1892"}],"curies":[{"name":"wp","href":"https:\/\/api.w.org\/{rel}","templated":true}]}}